?
34
Let f = -4 - 0. Let i = 383 + -376. Let a be (7 - 1)*(i - f). What is the highest common factor of a and 6?
6
Let f(r) = -r**3 + 5*r**2 - 3*r. Let c be f(2). Let b be (-9 + 11 - 2) + 6. What is the greatest common factor of c and b?
6
Let u(x) = x. Let w be u(4). Suppose 0*f - w*f = -60. Let z = f - 4. What is the highest common divisor of z and 1?
1
Suppose -34 = -v - d - 9, -3*v + 51 = -3*d. Suppose 0 = 2*c - c - 84. What is the highest common factor of c and v?
21
Let o be 0/(2 + 3 + -3). Let s(u) = o - 5 - 13*u + 2. Let c be s(-7). Calculate the greatest common factor of 22 and c.
22
Suppose q + 34 = 2*j, 4*q + 105 = -q - 3*j. Let f = q - -26. What is the greatest common factor of f and 6?
2
Let a(l) = 3*l - 41. Let p be a(15). Suppose 2*x = -y + 87, -64 - 117 = -4*x + 5*y. Calculate the greatest common divisor of p and x.
4
Suppose 0 = 30*o - 42*o + 3384. What is the highest common divisor of o and 94?
94
Suppose 95*n = 91*n + 540. Let u = -114 + n. What is the highest common factor of u and 35?
7
Suppose 4*d = -3*a + 1149, 11*a + 15 = 16*a. What is the highest common factor of 30 and d?
15
Suppose 462 = -21*v + 1743. What is the highest common divisor of v and 1586?
61
Let n(d) = 3*d - 2*d - 2*d - 1 - 1. Let g be n(-7). Suppose -q - 4*k + 33 = 0, -19 = g*k - 4. Calculate the greatest common divisor of 9 and q.
9
Let y be ((-4)/(-14))/(16/(-112)). Let m be (-724)/(-6) + y/3. Let s be 195/4 - 9/12. What is the greatest common divisor of m and s?
24
Let l(z) = z**2 - 4*z + 16. Let t be l(-8). What is the greatest common factor of t and 7?
7
Suppose 86 = 17*q - 13*q + 2*z, 0 = 3*q - 4*z - 92. What is the highest common factor of 64 and q?
8
Suppose 0 = -5*t + 5*c - 25, 3*t - t = -3*c - 25. Let w = t - -12. Let h = 95 - w. What is the highest common divisor of h and 13?
13
Let y be ((-3)/(-2) + 0)*10/(-15). Let c be (-24)/(-60) - (123/(-5) + y). What is the greatest common divisor of c and 286?
26
Let l = 0 + 2. Suppose -210 = -10*r - 70. Let b = l + r. What is the highest common factor of 48 and b?
16
Let g(i) = 26*i + 157. Let p be g(-4). Calculate the highest common divisor of p and 424.
53
Let o(l) = 5*l + 1. Let c be o(1). Let j = 805 + -803. Suppose -j*s = -4*s + c. What is the greatest common divisor of 3 and s?
3
Suppose 384 = 2*c + 16. Suppose 8*u = 8 + c. Calculate the highest common factor of u and 3.
3
Suppose 0 = -m + 3*h - 8*h + 98, -4*h + 94 = m. What is the greatest common divisor of 30 and m?
6
Let v be (-58)/(-5) + 2/5. Let k = 26626 + -26620. Calculate the highest common factor of v and k.
6
Let s(a) = a**3 + a**2 + 3*a + 13. Let y be 0/(4/10 - 16/(-10)). Let w be s(y). Calculate the greatest common divisor of 130 and w.
13
Suppose -86*s - 42 = -89*s. What is the highest common divisor of 154 and s?
14
Let r(w) = -w**2 + 13*w + 18. Let n be r(14). Let x = 4 + n. What is the highest common factor of x and 56?
8
Let q(o) = -o**3 + 4*o**2 + 2*o - 3. Let s be q(4). Suppose s*b - 222 + 54 = -3*r, -3*r - b = -168. What is the greatest common factor of r and 7?
7
Let q = 10 - 4. Let a = 1 - -3. Let y be (-2)/a - (-340)/8. What is the highest common divisor of q and y?
6
Let x(u) = 2*u**3 - 8*u**2 + 5*u + 1. Let w be x(5). Calculate the greatest common factor of w and 836.
76
Let t = -35 + 37. Suppose 0 = 4*s + 3*j - 37, -t*s - 4*j = -41 + 15. Calculate the greatest common factor of 42 and s.
7
Let i be 0/1 + 23 - -3. Suppose -w + 5*c + i = -0*w, 3*c = -12. What is the greatest common divisor of w and 6?
6
Suppose 0 = 3*g + 3*g - 1194. Let b = g + 73. Let t be b/24 + (-2)/(-3). What is the greatest common factor of 6 and t?
6
Let i be 8 + (-2 + 3)*-2. Suppose b = 10 + i. Let k = -120 + 232. Calculate the highest common divisor of k and b.
16
Let k = 65 - 25. Calculate the greatest common divisor of 790 and k.
10
Suppose 2*f + 5*h = 88, -3*f - 28 = -3*h - 118. What is the highest common factor of f and 7?
1
Let u(r) = -23*r + 1. Suppose 5*k + 2*z + 7 = 0, 2*z + 5 = -k - 2*k. Let b be u(k). Calculate the highest common factor of b and 168.
24
Suppose 0 = -4*h + 5*l + 5977, -5*l + 2*l = -5*h + 7455. What is the greatest common divisor of h and 48?
48
Let s(a) be the first derivative of -1/2*a**2 + a + 1/3*a**3 + 5. Let c be s(2). Calculate the greatest common divisor of 33 and c.
3
Suppose -5*t - d = -4 - 0, 0 = 2*t - 2*d - 4. Let n be (-2)/t*-10 + (2 - -2). What is the greatest common divisor of n and 16?
8
Let o = 4 - -140. Let x = -93 + o. What is the greatest common factor of x and 17?
17
Let w = -54 + 41. Let f(d) = d**2 + 12*d. Let j be f(w). Let k(b) = -143*b. Let m be k(-1). Calculate the greatest common divisor of j and m.
13
Let s(c) = c**3 + 16*c**2 + 24*c + 39. Let f be s(-6). What is the greatest common divisor of 51 and f?
51
Suppose -x + 2*i + 15 = -2*i, -i - 3 = 0. Suppose -4*c + 3*y = y - 112, x*y + 56 = 2*c. Calculate the greatest common factor of c and 252.
28
Suppose -4*l + 8 = 2*f, -2*f = -0*f + 3*l - 11. Suppose -3*o + f = 5*x - 30, -2*o = 4*x - 24. What is the greatest common divisor of o and 30?
10
Let f be (-2)/9 - 10/(-45). Suppose -6*p + 3*p + 4*o + 62 = f, p + 3*o = 12. Calculate the greatest common factor of p and 18.
18
Let y(x) = -x**3 - 11*x**2 + 35*x + 14. Let q be y(-14). Let s = 42 - 26. What is the greatest common divisor of s and q?
16
Let z(r) = -r**3 - 16*r**2 - 34*r - 35. Let p be z(-14). What is the greatest common factor of p and 490?
49
Let d(h) = 28*h**2 - 7*h + 9. Let v be d(4). Calculate the highest common divisor of v and 66.
33
Let r be (2 - 3)*0/3 + 1240. What is the highest common factor of 40 and r?
40
Suppose 30*s - 956 - 5794 = 0. Calculate the greatest common factor of s and 525.
75
Let m = -2 + 4. Suppose 2*f = -m*f + 320. Suppose -5*v = -0*v - 4*i - 84, -3*v = -i - 49. Calculate the highest common factor of v and f.
16
Let i = 2 - 6. Let c be (2 + 13)*(-4)/i. Let v(z) = -z**3 - 6*z**2 - z + 4. Let g be v(-6). Calculate the highest common factor of g and c.
5
Suppose -21 = -3*y - 3. Suppose 49 = 3*u - 5*c, -3*u + 14 = -0*u + 2*c. Calculate the greatest common divisor of y and u.
2
Suppose 8*v = 188 - 60. Calculate the greatest common divisor of 512 and v.
16
Let v be 63 - (-1 - 0*3/(-12)). Suppose -3*a + 12 = 2*i - a, -3*i = -3*a - 30. What is the greatest common factor of i and v?
8
Let t = 560 + -376. Suppose 5*x - 2*h - 27 = -4*h, -25 = -4*x - 5*h. Let v(n) = 2*n**2 - 7*n + 8. Let c be v(x). What is the greatest common factor of c and t?
23
Suppose 0 = 28*z - 2*z - 3042. What is the greatest common factor of z and 9?
9
Suppose -324 = 4*q - 2340. Calculate the greatest common divisor of q and 8.
8
Suppose -b + 5*b - 108 = 4*v, 4*b - 5*v = 105. Suppose -4*n = -227 + 27. Let x = -44 + n. Calculate the greatest common factor of b and x.
6
Let s be 3/(-3) + 2 - (-10 - 65). What is the highest common divisor of s and 38?
38
Let y(s) = 3*s + 11. Let m be y(-3). Suppose 36 = -m*h + 8*h. What is the greatest common divisor of h and 18?
6
Suppose 23*m - 712 = 22*m. What is the greatest common factor of 8 and m?
8
Let k(n) = -10*n - 133. Let z(q) = 7*q + 89. Let y(w) = -5*k(w) - 7*z(w). Let s be y(-22). What is the greatest common factor of s and 4?
4
Let y = 324 - 299. Let m be (-1 - -2) + (10 - 1). Calculate the greatest common divisor of m and y.
5
Let b = 8 + 0. Suppose 5*c - 35 = -5*f, -c + 22 - 3 = 4*f. Let u be 3/f - 3420/(-48). Calculate the highest common factor of b and u.
8
Let a(b) = b**3 - 5*b**2 - b - 2. Let i be a(6). Let g = 26 + -49. Let v = -16 - g. Calculate the greatest common divisor of v and i.
7
Let g = 36 + -32. Let d be 21/14*-1*16/(-3). Calculate the highest common divisor of d and g.
4
Let k = -313 + 343. What is the highest common divisor of k and 24?
6
Let f be (-4)/10 + 12/30. Suppose f*p - 26 = -k + 3*p, 0 = -3*k - 5*p + 50. Calculate the greatest common factor of 60 and k.
20
Suppose 3*q + 15 = -2*q. Let n be 2/(q - 1887/(-627)). Let k = 37 + -18. Calculate the highest common divisor of k and n.
19
Let d(l) = 2*l**2 - 17*l + 64. Let u be d(-11). Calculate the highest common divisor of u and 17.
17
Let o be (0 + -3)/1 + 7. Let f(s) = s + 8. Let w be f(-6). What is the highest common factor of w and o?
2
Let a = 157 + 153. Calculate the greatest com